he prime factors of v.
2, 13, 37
Suppose 0 = 2*c + 3*c - 130. Suppose 0*n - n + 5*p = -c, 4*n - 3*p = 36. Let u(l) = -l**3 + 7*l**2 + 3*l - 5. List the prime factors of u(n).
7
Let h be (-3)/8 + (-5)/8 + 1. Suppose h = -3*i + 1216 + 29. List the prime factors of i.
5, 83
Let o be (66/(-132))/(1/2858). Let q = -234 - o. List the prime factors of q.
5, 239
Let s(q) = 2*q**2 + 19*q - 8. Let k be s(-10). Suppose 5*v = k*p + p - 1827, -5*p = -3*v - 3061. List the prime factors of p.
2, 307
Suppose -5*z + 73 = -3*v, -2*v + v - 81 = -5*z. Let g = z - 3. List the prime factors of 37/(-7) + 5 - (-1544)/g.
2, 5, 11
Let c(d) = 589*d - 286*d - 289*d + 7. Let q = -5 - -9. What are the prime factors of c(q)?
3, 7
Let t = 247 + -244. Suppose 2*a = t*c + 943, 0 = -3*a + 3*c + 489 + 927. What are the prime factors of a?
11, 43
Let w(k) = 603*k - 1018. What are the prime factors of w(73)?
7, 6143
Suppose 6 = -b + 3*k, 2*k = b - 0*k + 1. Suppose q - 2*w = 474, 3*q - 1422 = 11*w - b*w. What are the prime factors of q?
2, 3, 79
Let d = 16576 + -11936. What are the prime factors of d?
2, 5, 29
Suppose 34 = 3*y - 3*a - 2, 3*y + a = 20. Suppose -y = -2*h - 0. Suppose 2*t = h + 6. List the prime factors of t.
5
Suppose 67*f - 69*f = 5*u - 8669, 0 = -f + 2. What are the prime factors of u?
1733
Let i be (4758/18 + -5)*3. Let t = -551 + i. List the prime factors of t.
227
Suppose 0 = -8*p + 11*p + 42. Let y(w) = -w**3 - 16*w**2 - 29*w - 15. Let l be y(p). List the prime factors of ((-174)/145)/(l/550*3).
2, 5, 11
Let p(t) be the first derivative of 28 - 23 - 44*t + 8*t**2 - 11*t. What are the prime factors of p(11)?
11
Let p(l) = 2*l**2 + 8*l - 38. Let s be p(11). Suppose -3*g - g + s = 0. What are the prime factors of g?
73
Let o(z) = -127*z + 218 + 122 + 101*z. What are the prime factors of o(-10)?
2, 3, 5
Suppose 30*z + 33584 = 287444. What are the prime factors of z?
2, 4231
Let z = -34 - -42. Suppose 4*d - 5*d + z = 0. Suppose -25*o = -24*o - d. What are the prime factors of o?
2
Let w(z) = 5681*z - 90. List the prime factors of w(3).
3, 5651
Let w(h) = -4*h**3 - 2*h**2 + 11*h - 1. Let k = -81 + 76. Let y be w(k). Suppose -q = -d + 4*d - y, 0 = -2*d + 5*q + 257. What are the prime factors of d?
131
Suppose -3368436 = -108*b - 820068. What are the prime factors of b?
2, 17, 347
List the prime factors of (-274970)/(-16) + 35/(-56).
5, 7, 491
Let a(p) be the second derivative of -p**6/40 - p**5/120 - p**4 + 9*p. Let m(b) be the third derivative of a(b). List the prime factors of m(-1).
17
Let y(j) = j**2 + 9*j + 20. Let b be y(-2). List the prime factors of ((b/(-3))/(-4) - 45)*-12.
2, 3, 89
Let i = 5266 + 152. List the prime factors of i.
2, 3, 7, 43
Let k be 18/(-27)*(-1 + 22). What are the prime factors of (-4)/k + 222*(-36)/(-56)?
11, 13
Let m(p) = 1195*p**2 - 62*p + 348. List the prime factors of m(5).
3, 13, 59
Let k = 129 + -123. Let d be (k + -1)/5 - 1. Suppose -3*o + 3*l + 276 = d, l = 5*o - 448 - 0. What are the prime factors of o?
89
Suppose -3*h + 130 = -13*h. Let c = 83 + h. Let q = -32 + c. List the prime factors of q.
2, 19
Suppose 118*q - 124*q = -3336. Suppose 13*y = 367 + q. What are the prime factors of y?
71
Suppose 2071 = 8*a - 3785. What are the prime factors of a?
2, 3, 61
Let n be 7*51/(-119)*10/(-6). Suppose -n*c = -5*d + 7620, 3*c + 9512 = 5*d + 1890. What are the prime factors of d?
5, 61
Let q be (110/25)/((-2)/(-10)*-1). Let t = q + 21. List the prime factors of 1 - 268/(-5 - t).
2, 17
Let x(z) = -z**3 + 11*z**2 - 11*z + 14. Let c be x(10). Suppose 0 = -5*y - c*y. Suppose y = -11*i + 10*i + 41. List the prime factors of i.
41
Suppose -b + 8 = 5*c - 5, -15 = -3*c. Let x be -10*b/(-15)*1. List the prime factors of (x/(-24))/((-2)/(-24)) + 121.
5
Suppose -75 = -5*d + 8*d. Let g = -21 - d. What are the prime factors of 33/2 + g/(-8)?
2
Let k = -37 - 7. Let f be (-178)/(-11) - (-8)/k. List the prime factors of f/4 + (-412 - -2)/(-2).
11, 19
Let y = 281 + -218. What are the prime factors of y/105 - 16*(-62)/5?
199
Suppose 12*b = -4*s + 17*b + 65612, -32836 = -2*s - 5*b. What are the prime factors of s?
2, 7, 293
Suppose -6*s - 4 = -5*y - 4*s, y - 8 = -2*s. Suppose -4*z = -3*z - y, 0 = 4*k - 5*z - 1966. List the prime factors of k.
2, 13, 19
Let q = 18820 + -9755. List the prime factors of q.
5, 7, 37
Let w be (-41 - 0)/((-19)/(-3) - 6). Let u = w - -125. What are the prime factors of (948/30)/(u/5)?
79
Let o(s) = 8*s**3 - 3*s**2 + s + 1. Let p(y) = y**2 + 7*y + 1. Let v be p(-7). Let x be o(v). Suppose -10*q = -x*q - 351. List the prime factors of q.
3, 13
Let k be (-4 + (3 - 9))*(-93)/(-6). Suppose 0 = -g - 3*g - 164. Let j = g - k. What are the prime factors of j?
2, 3, 19
Let c = -6 - -6. Let a(x) = 8*x - 29. Let q be a(4). Suppose -h + 4*y + 55 = c, 0 = -5*h + q*y + 66 + 141. What are the prime factors of h?
3, 13
Suppose -5*q = 8171 - 36631. List the prime factors of q.
2, 1423
Let v(k) = k**2 - 11*k - 32. Let w be v(14). Suppose w*a + 4*a = 518. List the prime factors of a.
37
Let h(y) = 139*y**2 + 374*y + 1. List the prime factors of h(-5).
2, 11, 73
Suppose 5*q + 74472 = 46*q - 17450. List the prime factors of q.
2, 19, 59
Suppose 1 = -2*z - u, 10 = -5*z + 5*u - 10*u. Suppose -v = -2*v - 2*x - 152, -4*v = -5*x + 621. List the prime factors of (-8 + z)*220/v.
2, 5
Suppose 4*n = 4*k - 8, k - 9 = -3*n + 1. Let y(g) = -g**3 + g**2 + 4. Let w be y(n). Suppose -5 = 5*a, 2*h - 52 = -w*a + 2*a. List the prime factors of h.
5
Let i be (28/(-154) + 646/44)*2. Suppose 2420 - 17616 = -i*d. List the prime factors of d.
2, 131
Suppose 4*x - 10878 = 5*i - 8*i, -2*x + 5440 = i. Suppose 5*p + 1814 = 2*f, -13*f + 16*f = -4*p + x. What are the prime factors of f?
907
Suppose i + 3*b = 27, 2*i + 2*b = 3*b + 40. Suppose 5*p + 2658 = 3*f, -8*p + 5*f - 2129 = -4*p. List the prime factors of 4/(-14) - p/i.
5
Suppose -60*l + 46*l = -99288. What are the prime factors of l?
2, 3, 197
Suppose -1305 - 1434 = -3*h. Suppose 3*t = 2*g + h, -914 = -3*t - 6*g + 7*g. What are the prime factors of t?
5, 61
Suppose -16*j = -20*j + 25188 + 17168. List the prime factors of j.
10589
Let c(n) be the first derivative of n**3 - 9*n**2 + 59*n + 191. List the prime factors of c(-19).
2, 7, 53
Let p(y) = -y**2 + 232. Let l = -38 + 38. What are the prime factors of p(l)?
2, 29
Suppose y - 1696 - 1473 = s, 0 = -2*y - 2*s + 6338. List the prime factors of y.
3169
Let w(f) = 23*f + 17*f**2 - 32*f**3 - 5 + 20*f**3 + 13*f**3. List the prime factors of w(-15).
2, 5
Suppose 0 = 35*a + 9*a - 41756. List the prime factors of a.
13, 73
Let z(r) be the third derivative of 77*r**4/12 - 14*r**3/3 - 159*r**2. List the prime factors of z(6).
2, 7
Suppose 329*g - 332*g - 282 = 0. Let d = 31 - g. What are the prime factors of d?
5
Suppose 2*a - 15926 = -0*a + 4*f, 0 = -4*f - 20. What are the prime factors of a?
3, 11, 241
List the prime factors of (48241/(-2))/((24/(-4))/12).
19, 2539
Suppose -v + 2*v + 68 = 2*o, -2*o = 5*v + 376. Let y = v + 72. What are the prime factors of 256*(y - (-10)/4)?
2
Suppose 3*v - 2*l = 9962, -2*v + 6644 = 113*l - 117*l. What are the prime factors of v?
2, 5, 83
Suppose 4*z + 2*r = -8, -3*z + 28 = -5*z + 5*r. What are the prime factors of (28/(-42))/(z/1962)?
3, 109
Let r(a) = 951*a**2 - 265*a + 1047. List the prime factors of r(4).
23, 661
Let v be 0/(-2) - (-29 - -8). Let t(l) = -l**3 + 21*l**2 + 9*l - 31. Let z be t(v). Suppose z + 98 = 3*r + 5*i, -85 = -r - 2*i. What are the prime factors of r?
3, 29
Let u(x) = -2*x - 1. Let l(p) = 22*p - 97. Let b(z) = l(z) + 6*u(z). List the prime factors of b(30).
197
Suppose 5*f = -1 - 4. Let o be -3 + f + (3/(-1) - -2). What are the prime factors of 90/12*(-48)/o - 1?
71
Let z = -15877 + 15912. List the prime factors of z.
5, 7
Let x be (490/(-21))/5*-84. List the prime factors of x + (3 + -2 - -5).
2, 199
Let w(r) = -r**3 - 9*r**2 - r - 4. Let p be w(-9). Suppose 0 = 2*a - 5*c - 409, 0*a - p*a - 5*c = -1110. What are the prime factors of a?
7, 31
Suppose -15*r = -3*r - 21348. Suppose -4*t = 20, 4*g - r + 545 = -2*t. What are the prime factors of g?
311
Suppose 0 = -2*v + h + 7190, -3*h = -v - 0*h + 3595. Let j = 5050 - v. What are the prime factors of j?
3, 5, 97
Suppose 0 = -3*f - 2*i + 6, -4*f + 5*i + 5 = -3. List the pr